se 5*n - 7079 = -4*m, 5*n - 19*m = -17*m + 7073. What is the hundreds digit of n?
4
Let x(y) = 16*y**2 + 109*y + 10. What is the units digit of x(-9)?
5
Let t be (-294)/(-4) - 3/2. Let f = 106 + t. What is the units digit of f?
8
Let w(t) = t**3 - 12*t**2 + 2*t - 1. Let s be w(12). Suppose -13 = -4*g + s. Suppose g - 7 = 2*z. What is the units digit of z?
1
Let s(t) = -t - 10*t + 5*t + 5 - 6*t - 12*t**2 + t**3. What is the units digit of s(13)?
8
Suppose 5*i + 6 = 11. What is the tens digit of (27/1 - 1)*i?
2
Let f(x) = 2*x - 267 + 4*x**2 + x**3 - 6*x**2 + 269. What is the tens digit of f(5)?
8
Suppose 4*b + 2*g - 8 = 0, 0*b - b + 2*g = -2. Suppose 3*c + 12 = 0, -b*c = 2*w - 7*w + 543. What is the units digit of w?
7
Suppose 5*l + 2165 = -3*i, i - 2*l = -l - 719. What is the units digit of ((-5)/(-2) + -1)*i/(-108)?
0
Suppose 4*q = -v + 2808 + 497, -2*q + 4*v + 1630 = 0. What is the units digit of q?
5
Let i be 1/(1/(1*12)*4). Suppose -k = 4*k + i*r - 630, 3*r = k - 108. What is the tens digit of k?
2
Let n(t) = -5*t + 24. Let l be n(6). What is the tens digit of 465/9 - l/18?
5
Let s(w) = -3*w. Let p be s(1). Let b be (44/p - -1)*-3. Let d = b - 24. What is the tens digit of d?
1
Let r = -7 + 11. Suppose -5*l + 119 = r. Let z = l - -1. What is the tens digit of z?
2
Suppose c - r - 12 = -0*c, -5*c = -4*r - 63. Suppose 0 = 3*h - 0*h - c. Let f = h - -3. What is the units digit of f?
8
Suppose l - 5*p = -23, -3*l - 2*p + 16 = -0*p. Suppose 11 = i - l*h, -3*i = 4*h - 30 - 23. What is the tens digit of i?
1
Let d(b) be the first derivative of -3*b**2 + 10*b - 9. What is the units digit of d(-6)?
6
Suppose 0 = 4*z - 5*g - 281, 7*z - 5*g + 89 = 8*z. What is the units digit of z?
4
Let r be ((-4)/(32/(-712)))/(2 - 1). Suppose -3*g + j + 419 = -r, 0 = -5*g - j + 860. What is the tens digit of g?
7
Let f be 1878*-1 + (3 - 6) + 1. What is the tens digit of (-1)/5 - 5/(125/f)?
7
Suppose -z = -7*z + 1188. Suppose 14*q - 1972 = z. What is the units digit of q?
5
Let a = 15194 - 10224. What is the units digit of a?
0
Suppose 17 = -3*b + 4*c, 2*c + c = -2*b. Let x be b/((-2)/(-4) - 2). What is the units digit of ((-26)/(-3))/(x/9)?
9
Let z = -12 + 8. Let p be 4*-1*10/z. Suppose 4*m = 2*m + p. What is the units digit of m?
5
Suppose 27 - 18 = 3*y. Suppose 5*w - 66 = 4. Suppose w = y*r - 25. What is the tens digit of r?
1
Let f = 1879 + 191. What is the units digit of f?
0
Let s(x) = -x**2 - 15*x + 2. Suppose -2*u + 56 = -6*u. What is the units digit of s(u)?
6
Let i(r) be the first derivative of -r**4/4 - 8*r**3/3 - r**2/2 - 4*r - 2. Let a be i(-8). Let s(x) = 2*x + 5. What is the units digit of s(a)?
3
Suppose 0 = -3*k - 3, -2*k = -2*b + 516 - 68. What is the tens digit of b?
2
Let a = 230 + 426. What is the tens digit of a?
5
Let q(s) = 7*s**3 + 5*s**2 - 12*s - 11. Let w be q(-8). Let i be (-2)/(-7) - w/119. Suppose -5*x + 242 = i. What is the tens digit of x?
4
Suppose 4*q = -2*s + 870, -12*q = 5*s - 9*q - 2210. What is the tens digit of s?
4
Let o(m) = -m**3 + m**2 + 1. Let k(r) = 2*r**3 - 9*r**2 - 2*r + 7. Let g(q) = -k(q) - o(q). What is the units digit of g(7)?
5
Suppose -18*j = -25*j + 1911. What is the units digit of j?
3
Let i(d) = -d**2 + 110*d - 345. What is the tens digit of i(58)?
7
Let u(g) = 36*g**2 + 16*g - 116. What is the units digit of u(6)?
6
Suppose -5*o = 3*s + s - 1369, -5*s + 1739 = -3*o. What is the hundreds digit of s?
3
Let h = 1847 + -1165. What is the hundreds digit of h?
6
Let c be 3/(-3) + 6*1. Let d(h) be the second derivative of h**3 - 3*h**2 - 8*h. What is the tens digit of d(c)?
2
Let q(f) = 396*f + 3. What is the units digit of q(1)?
9
Let r = -4027 + 7859. What is the tens digit of r?
3
Suppose 6*i - 11 = 7. Suppose -v - 385 = -i*a, 2*a + v - 254 = -v. Suppose 0*h - 3*q + 48 = h, 4*q + a = 4*h. What is the tens digit of h?
3
Suppose 5*d - 15035 = 5*f, 9*f - 10*f + 15059 = 5*d. What is the tens digit of d?
1
Let g be (-26)/4 - (-18)/(-12). Let o = g - -2. Let d = -4 - o. What is the units digit of d?
2
Suppose k - 196 = 5*x, -1377 = -5*k + 4*x - 502. Let j = -39 + k. What is the tens digit of j?
3
Suppose 0 = -13*r - 5*r + 23958. What is the units digit of r?
1
Let z(g) = g**2 + 6*g - 28. Let k be z(-7). Let h = 79 + k. What is the tens digit of h?
5
Let f(x) = -x**3 + 14*x**2 + 2. Let k be f(14). Suppose 2*g + k*y - 177 = -3*y, -g + 90 = y. What is the units digit of g?
1
Let t(j) = -j**2 - 9*j - 9. Let l be t(-8). What is the units digit of (l + -53)*(-6)/4?
1
Let j(s) = -2*s**3 - 2*s**2 - 2*s. Let w be j(-1). Suppose -2*u + 14 = 5*c, -2*u + w*c = -6*u + 60. What is the units digit of u?
7
Let y be (-4 + (-76)/(-12))*9. Suppose y*d + 720 = 26*d. What is the units digit of d?
4
What is the units digit of ((-643)/(-2))/(26/208)?
2
Suppose -18 + 2 = 4*p. Let q(r) = 3*r**2 + r + 15. What is the tens digit of q(p)?
5
Suppose 2*r + 4*j = 2468, -5*r + 3*j + 518 = -5665. What is the thousands digit of r?
1
Let i be (-48)/(-18) - 2/3. Let h(c) = 7*c**i + c + c**3 - 2*c**3 - 3 - 1 - 1. What is the tens digit of h(6)?
3
Suppose 0*m = 2*m + 10. Let i = m + 8. Suppose -i*j = -67 - 20. What is the tens digit of j?
2
Let t = 2 - -2. Suppose 32 = -t*q + 2*v, -2*q = 3*q + 2*v + 31. Let f = 1 - q. What is the units digit of f?
8
Let y(x) be the third derivative of 2*x**4/3 - x**3/6 + 7*x**2. Let w(p) = 64*p - 4. Let t(l) = -6*w(l) + 26*y(l). What is the units digit of t(1)?
0
Let d(k) = 7 + 18*k**2 + 25*k**2 + 4*k - 41*k**2. Let r be d(6). Let h = -51 + r. What is the units digit of h?
2
Suppose -96 = -k - 11. What is the tens digit of 136/k*(-430)/(-4)?
7
Suppose 5*j + 67 = p, -5*j + 127 = 4*p - 41. Let x = p - -44. What is the tens digit of x?
9
Let v(s) = s**2 + 5*s + 15. Let l(g) = g**2 - g. Let u(r) = 2*l(r) - v(r). What is the units digit of u(-7)?
3
Suppose 26*t - 7*t - 31483 = 0. What is the tens digit of t?
5
Suppose 0 = -z + 1 - 3, -l - 5*z + 221 = 0. Suppose -5*j + 8*j = l. What is the units digit of j?
7
Let z be -4 - 3/(12/(-184)). Suppose 2*l - 4*q - z = 0, -5*l + 54 = 5*q - 36. What is the units digit of l?
9
Suppose -2 = -2*w + 6. Suppose q + 54 = w*q. What is the units digit of 147/q + (-2)/12?
8
Suppose -2*g + 6*g = -32. Let t = 30 - g. What is the tens digit of t?
3
Let i(z) be the third derivative of z**6/120 + z**5/6 - z**4/2 + 19*z**3/6 - 13*z**2. What is the tens digit of i(-11)?
3
Let g be ((-210)/9)/((-2)/6). Suppose -6*i - g = -i. What is the units digit of (i/14)/((-2)/106)?
3
Let a be (-1 + 0)/(1/(-30)). Let r = 30 + a. What is the tens digit of r?
6
Suppose 5*h + 5 = 0, -5*h = 5*u - u - 1551. What is the hundreds digit of u?
3
Suppose -34*l + 2*l = -46464. What is the hundreds digit of l?
4
Suppose -4*s + 19 = u, 2*s - 7 = 3*u - 8. Let o(w) be the first derivative of 4*w**2 - 7*w - 1. What is the units digit of o(u)?
7
Let o = 352 + -89. What is the units digit of o?
3
What is the tens digit of -3 + (-15)/(-3) - 2776/(-2)?
9
Let c = -20 + 14. Let d = 13 + c. Suppose 4*w + 69 = d*w. What is the units digit of w?
3
Let y = -12 - -21. Let b(i) = -i + 11. Let k(z) = 3*z - 21. Let c(x) = y*b(x) + 4*k(x). What is the units digit of c(-4)?
3
Suppose -6*j + 2*j - 12 = 0, 12 = -2*c - 4*j. Suppose -w + h + 28 + 38 = c, 5*h = -4*w + 255. What is the tens digit of w?
6
Let x be 2/3*(-18)/(-2). Let u = 15 - x. What is the units digit of (1 - u)/4 - -6?
4
Suppose 145 = -8*b + 569. What is the units digit of b?
3
Let h(x) = x - 1. Let t be h(7). Let z be (2/8)/(t/48). Suppose -3*n - z*n = -70. What is the units digit of n?
4
Let a = 4 + 0. Let w(n) be the first derivative of -n**4/4 + 5*n**3/3 + 3*n**2/2 - 4*n + 1. What is the units digit of w(a)?
4
Let a = 1219 + -827. What is the tens digit of a?
9
Let f(q) = q**3 + 14*q**2 - 4*q + 2. What is the tens digit of f(-13)?
2
Let n(s) = -s**3 + s**2 + 5*s + 530. What is the units digit of n(0)?
0
Suppose -24*s = 5*k - 22*s - 6899, -3*s = k - 1385. What is the hundreds digit of k?
3
Let q be -4 + 47 + 0/((-2)/1). What is the tens digit of (q/2)/(3/12)?
8
Let k = -13 + 25. Let c = -18 + 26. Suppose -q + k = c. What is the units digit of q?
4
Suppose 56*n - 33 = 53*n. Suppose 3*z - 740 = w, -2*w + 469 + n = 2*z. What is the hundreds digit of z?
2
Let c(v) be the first derivat